/24*y**4 + 0*y. Determine s(-5).
-1
Suppose 5*k - 2*d = -0*d + 25, 25 = 5*k - d. Suppose -2 = -c - j + 4, -c + 5*j = 24. Let t(f) = c - 1 - 2*f + 3*f. What is t(k)?
5
Let a(i) = -i**3 - 2. Let g = -5 + 3. Let x(o) be the third derivative of o**6/120 + o**5/20 + o**4/8 + o**3/3 + 2*o**2. Let v be x(g). Give a(v).
-2
Let y(j) = -3*j**3 + j**2 + 3*j - 3. Let t = -57 + 59. Determine y(t).
-17
Let o = 7 + -5. Let z(d) = 3*d**2 + 5 + 4*d - 5*d**o - d**2 + 2*d**2. Calculate z(6).
-7
Let r(x) be the third derivative of -x**8/1344 - x**7/2520 - x**6/360 - x**5/120 + x**4/6 + 4*x**2. Let n(i) be the second derivative of r(i). What is n(-1)?
5
Let l(q) = q**2 - 6*q - 4. Let u(k) = 4*k**2 - k. Let d be u(-1). Determine l(d).
-9
Let q(c) = 9*c - 2 - 14*c - c**3 + 4*c - 2*c**2. Suppose -4*n = 8, d + 3*n - 4 = 6*d. Determine q(d).
0
Suppose 6*h + 4*p - 24 = 2*h, -5*p = 2*h - 12. Let x(b) = -b + 8. Determine x(h).
2
Let c(a) be the second derivative of -1/60*a**5 - 5/2*a**2 + 0 - 1/4*a**4 + 1/6*a**3 - a. Let j(t) be the first derivative of c(t). What is j(-3)?
10
Let h(j) be the second derivative of -j**5/20 + j**4/2 + 7*j**3/6 + 2*j**2 - 31*j. Suppose -25 = -5*y - 2*m, 2 = 2*y - 4*m - 32. What is h(y)?
4
Let v(r) be the second derivative of r**4/12 + r**3/6 - 6*r**2 - 4*r. Give v(0).
-12
Let o(p) = -p**3 + p**2 - 9. Suppose -f + 4*j = -26, -2*j + 4*j + 6 = 0. Suppose -f*r = -9*r. What is o(r)?
-9
Let k be (2/(-3))/((-8)/12). Let n(i) = 1 - 2*i - 5 + k + 3*i. Determine n(2).
-1
Let i(m) be the third derivative of 0 + 0*m**5 + 7/6*m**3 + 2*m**2 + 0*m**4 - 1/120*m**6 + 0*m. Give i(0).
7
Let w(x) = -1 + 2 - 4*x + x. Determine w(5).
-14
Let x(q) = -4*q - q**2 + 3*q + 7*q**3 + 6*q**3. Calculate x(-1).
-13
Let r(s) be the second derivative of -s**3/3 + 15*s**2/2 - 4*s. Let h be r(10). Let d(c) = -c**2 - 4*c - 1. Calculate d(h).
-6
Let x be (-40)/(-18) - 4/18. Let l(f) = 6*f**2 + 12 - 3*f**2 - 4*f**x. Give l(0).
12
Let h(z) be the second derivative of z**6/720 + z**5/60 + z**4/2 + 3*z. Let w(s) be the third derivative of h(s). Let g be 0 + 2 + 1*3. Determine w(g).
7
Let s(y) = 3*y + 1. Let h(b) = -13*b - 4. Let t(z) = -2*h(z) - 9*s(z). Give t(-1).
0
Let z(j) = 0*j - 2*j + 0*j - 1. Let h be 2 + 0 - (2 + 3). What is z(h)?
5
Let d(l) = -6*l + 5*l - 2 + 3*l. What is d(4)?
6
Suppose -16*m = -17*m + 5. Let z(t) = 7*t**2 - 8*t + 3. Let a(s) = 3*s**2 - 4*s + 1. Let d(o) = m*a(o) - 2*z(o). What is d(5)?
4
Let f = 19 - 14. Suppose -4*s = s - 15. Let d(u) = 0*u - 6*u - 10*u**2 + 11*u**2 - s. Calculate d(f).
-8
Suppose -4*j = -9*j + 15. Let z = 0 + 0. Suppose -j*n + z*n + 2*v = -14, -3*n + 17 = -5*v. Let i(b) = -b + 5. Calculate i(n).
1
Let b(w) = 1. Let a(c) = c**3 - c**2 - 10*c + 3. Let h(y) = a(y) - b(y). Let t(x) = x**3 - 2*x**2 - 11*x + 1. Let u(g) = -6*h(g) + 5*t(g). Determine u(-5).
-7
Let o(u) = -u**2 - 2*u - 6 - 3*u + 0*u**2. Let m be 19/(-4) - (228/(-48) + 5). Calculate o(m).
-6
Let c(s) = -s**3 + 10*s**2 - 10*s + 2. Let b be c(9). Let x = 11 + b. Let r(i) = -i + 3*i - x*i + 3. Determine r(5).
-7
Let s(b) be the second derivative of -1/3*b**4 + 4*b + 1/20*b**5 + 0 - 7/6*b**3 + 3*b**2. Determine s(5).
-4
Suppose 2*o - 3*l - 13 = 0, -5*l = 2*o - 24 - 13. Let v(j) = j**3 + j - 1 - o*j**2 - 2*j**3 + 4*j**2 + 5*j**2. Determine v(-2).
-3
Let p be 6/3*5/((-10)/(-1)). Let y(h) = 20*h**2 + 1. Determine y(p).
21
Let n(j) = -2*j**3 + 8*j**2 - 8*j + 9. Let m(r) = 1 + r - r**3 + 3 + r**2 - 3. Let l(d) = -m(d) + n(d). What is l(6)?
-10
Let t(w) = -2*w + 7. Let n(k) = -3*k + 10. Let o(d) = -5*n(d) + 7*t(d). Give o(7).
6
Let r(t) = -2 - 2*t - 2 - 2. Determine r(-5).
4
Let d(f) = f**2 - 1 + 4*f + 3 + 0. Let q = -2 - -7. Suppose -4*k - 6 = q*l, -l - 16 - 2 = 5*k. Calculate d(k).
2
Let u(w) = w**2 - 5*w - 3. Suppose 2*o + 3*m = 2*m + 11, -o + 4 = -m. Determine u(o).
-3
Let h(y) = y - 12. Let m = 101 - 92. Calculate h(m).
-3
Let t = -21 - -23. Let v(g) = -g**3 - g**2 + 4*g - 3. What is v(t)?
-7
Let o(h) = -h + 3. Let g(f) = -f**2 + 13*f - 8. Let l be g(12). What is o(l)?
-1
Let y(t) = -2*t + 4. Suppose 0 = 4*k - k - 18. Let i be k/33 - (-184)/(-44). Give y(i).
12
Let r(i) = -i - 4. Let l(n) = n**2 + n - 4. Let b be l(0). Let y = b + 5. Let p = -2 - y. What is r(p)?
-1
Let v(m) = -m**3 + 4*m**2 - m + 2. Let t(u) = -2*u + 3. Let s(k) = k - 1. Let d be s(3). Let j be t(d). Let r = 3 - j. Determine v(r).
-2
Let n = 16 + -14. Let d(f) = -f**2 + 6*f - 3. Give d(n).
5
Let i(h) = h**3 + 5*h**2 + 4*h - 5. Suppose 5 = -3*x - 1. Let k = 0 - x. Suppose -k*m + 0*m - 8 = 0. Give i(m).
-5
Let y = -7 + 12. Let r(a) = -4*a**2 - 1. Let g(v) = 11*v**2 + 7*v - 1. Let l(i) = g(i) + 3*r(i). What is l(y)?
6
Suppose 4*x - 9 + 1 = -5*q, 2*q - 5*x = 23. Let y(j) = j**3 - 4*j**2 + 3*j + 1. Determine y(q).
13
Let w(c) = 7*c - 13. Let f(g) = 11*g - 20. Let v(p) = -5*f(p) + 8*w(p). Calculate v(0).
-4
Suppose 8*m + 2 = 3*m + 2*y, 3*m - 5*y + 5 = 0. Let n(q) = 1 - q + m*q - 5*q**2 - 3*q + 3*q. Give n(1).
-5
Let v(q) = -q**3 - 4*q**2 + q + 4. Let a be v(-4). Let g(i) = i**2 + 2. Calculate g(a).
2
Suppose -6 = -n - 4. Let y(p) be the second derivative of p + 0 - 3/2*p**2 + 2/3*p**3 - 1/3*p**4 + 1/20*p**5. Calculate y(n).
-3
Let q(d) = 2*d**2 + 1. Let u = -19 + 18. Calculate q(u).
3
Let x(r) be the second derivative of r**4/12 + 7*r**3/6 - 5*r**2 + 26*r. Give x(-7).
-10
Let o = 0 - 2. Suppose 4*n - 5*r + 51 = 0, 3*n - r = 3*r - 39. Let y(t) = 3*t**2 - t. Let z(v) = 13*v**2 - 5*v + 1. Let w(d) = n*y(d) + 2*z(d). What is w(o)?
0
Let a(z) = z + 8. Let r(b) = -3*b - 7. Let f(p) = -4*p - 7. Let i(m) = 2*f(m) - 3*r(m). Let x(u) = 4*a(u) - 5*i(u). What is x(3)?
-6
Let j(b) be the first derivative of -10 - 5/3*b**3 + 4*b + b**2 - 1/4*b**4. Let r = 0 - 5. Give j(r).
-6
Let v(q) be the third derivative of q**6/60 + q**5/60 + q**4/12 + q**3/6 + 12*q**2. What is v(-2)?
-15
Let k(r) be the second derivative of -3*r**4/4 + 19*r**3/6 - r**2/2 + 3*r. Let u(w) = 5*w**2 - 10*w. Let v(n) = 6*k(n) + 11*u(n). Give v(-5).
-1
Let q be 2/6*0 - -2. Let l(h) be the first derivative of -2*h**3/3 + h**2/2 - 2*h + 1. Calculate l(q).
-8
Suppose -3*t - t - g = 5, 3 = -3*g. Let j(s) = -1 - s**2 - 5*s**3 + 2*s - 4*s - 3*s**3. Calculate j(t).
8
Let z(m) = -5*m + 4. Let w be z(0). Let d(k) = k**2 - 3*k - 1. Give d(w).
3
Let w be (0 + -2 - 2) + 52/12. Let n(t) be the first derivative of -7/2*t**2 + 4 - w*t**3 - t. What is n(-6)?
5
Let t = -18 + 22. Let u(h) = 7*h + h**2 - 3*h + 1 + t*h. Calculate u(-8).
1
Let x(b) = -b**3 + b**2 + 1 + 3*b + b**2 + 0*b - b**2. Determine x(3).
-8
Let d(o) = o**3 - 12*o**2 - 14*o + 3. Let q be d(13). Let m = 8 + q. Let h(w) = -w**3 - 3*w**2 - 2*w + 1. Give h(m).
1
Let c(u) = -u**3 - 2*u**2 + u. Let a = 32 - 22. Let l = -12 + a. Calculate c(l).
-2
Let o(l) be the second derivative of l**3/6 + 7*l**2/2 + 3*l. Let q(t) = -5*t**2 + 2 + 2*t - t**3 + 3*t - 8. Let s be q(-6). Determine o(s).
7
Let u(b) be the third derivative of -1/60*b**5 + 0 + 2*b**2 + 0*b - 1/3*b**3 + 1/6*b**4. Let d(q) be the first derivative of u(q). Determine d(4).
-4
Let n be (0 + (-1)/(-3))*-3. Let o(a) = -13*a + 1. Give o(n).
14
Let y(s) = s**2 - 6*s. Let k(q) = 6*q + 6. Let z be k(0). Give y(z).
0
Let z(v) = -1 - 1293*v**3 - 7*v - 4 - 8*v**2 + 1292*v**3. Give z(-7).
-5
Let c(w) = 6*w + 25. Let r be c(-5). Let n(q) = q**2 + 5*q + 7. Calculate n(r).
7
Let a be 4*3/6 - 10. Let b = a - -8. Let d(j) = j**3 - j**2 - 5. Give d(b).
-5
Let q be (8 + -1)*20/70. Suppose 2*g - 13 - 3 = 5*i, -i + q = -3*g. Let b(d) = -6*d - 3. What is b(g)?
9
Let h(l) be the third derivative of -l**4/4 - l**3/6 - l**2 + 18*l. Give h(-3).
17
Let t(b) = -b**2 - 6*b + 6. Let p be t(-7). Let m(u) be the first derivative of -2*u**3 + u - 6. Let w be m(p). Let y(k) = -k**2 - 3*k + 2. Give y(w).
-8
Let o(l) = -l**2 + 6*l - 4. Let m = 44 - 16. Suppose 2*g - 7*g = -4*n + 5, -g = 5*n - m. Calculate o(n).
1
Let m(s) = 15*s - 1. Let k be 4 + (-1 + 0)*3. Give m(k).
14
Let y(a) = 2*a**2 - a - 1. Let c be (3 - 12/(-4)) + -2. Suppose -6 = c*o + r - 3*r, -3*o + 5*r = 8. What is y(o)?
2
Suppose v - 3*n - 2 - 4 = 0, 2 = v - n. Let g(a) = 2*a - 1 + v*a - 1 + 1. Give g(3).
5
Let o(g) = 3*g + 5. Let u be o(-3). Let j(l) = -4*l - 5. Determine j(u).
11
Let i(r) = 5*r + 4. Let u(q) = 8 - 2 + 11*q + 3. Let 